 prime factors of w.
2, 2251
Let t(o) = -o**3 - 2*o**2 - 2. Let h be t(-2). Suppose 0 = b - 3*b + 4. What are the prime factors of (-161 + b)*h/6?
53
Let b = -78 + 74. What are the prime factors of 4 + (-508)/b + -3?
2
Let d = -625 + 653. What are the prime factors of d?
2, 7
Let n be (0 + -1)/(1/13). Let i = 12 + n. What are the prime factors of i + 45 + (-8)/(-2)?
2, 3
Let u = -22 - 41. List the prime factors of (-72)/(-7) + 18/u.
2, 5
Let a(v) = 5*v**3 + 6*v**2 - 6*v - 5. Let o(w) = w**3 - w - 1. Let l(h) = -a(h) + 6*o(h). Let c be l(6). Let g(y) = -32*y + 2. List the prime factors of g(c).
2, 17
Let c = 118 - -516. What are the prime factors of c?
2, 317
Suppose 5557 = 7*x - 1926. What are the prime factors of x?
1069
Let l = -35 + 52. Let d = l + 16. List the prime factors of d.
3, 11
Let p be 340/14 - ((-69)/(-21) - 3). What are the prime factors of 16/p + (-1164)/(-9)?
2, 5, 13
Let s = -4 - -2. Let y(r) = 45*r**2 + 2*r + 1. Let l be y(s). Suppose -p + 63 = -2*a, -l = -3*p + a + a. What are the prime factors of p?
3, 19
Let s = -103 + 46. Let o = 83 + s. List the prime factors of o.
2, 13
Suppose -l - 17 + 20 = 0. Suppose -216 = -2*w - 3*k, l*k + 475 = 4*w + 25. What are the prime factors of w?
3, 37
Let c = -596 - -389. Let g = -66 - c. List the prime factors of g.
3, 47
Let s(k) = 2*k**2 + 2*k + 4. Let t be s(4). Let p = 278 - t. List the prime factors of p.
2, 3, 13
Let a(z) = 4*z**2 - 10. Let v = -87 - -84. List the prime factors of a(v).
2, 13
Suppose -3*i - 115 = -26*i. Let g = 224 - 94. Suppose 2*k + 5*h - 52 = 0, 4*h - 2*h + g = i*k. List the prime factors of k.
2, 13
Let y(f) = -f + 1. Let x(u) = 7*u**3 + 2*u - 1. Let a be x(1). Suppose -a*n + 7*n = 16. List the prime factors of y(n).
17
Suppose 8*h = 64 - 56. Suppose -w + 93 = 2*r, -3*w = h + 2. List the prime factors of r.
47
Suppose -4 = 2*o - 8. Suppose -o*t = t - 162. List the prime factors of (10/(-6))/((-15)/t).
2, 3
Let s(g) = 41*g**2 + 3*g - 5. Let t be s(3). Suppose t + 95 = 6*c. What are the prime factors of c?
2, 3, 13
List the prime factors of (-3)/4 + (-205615)/(-164).
7, 179
Let x = -1913 + 3035. What are the prime factors of x?
2, 3, 11, 17
List the prime factors of ((-15)/(-4))/(44/19184).
3, 5, 109
Let z(f) = -f**3 + 24*f**2 + 13*f + 51. What are the prime factors of z(22)?
3, 5, 29
Let z(v) = 8*v - 57. What are the prime factors of z(11)?
31
Suppose -3*y + 5*m - 17 = -14759, 2*y - 9828 = -4*m. List the prime factors of y.
2, 3, 7, 13
Let s(i) = i**3 + 3*i**2 - 4*i. Let t be s(3). Suppose 5*l - 173 - t = 0. Let p = 6 + l. What are the prime factors of p?
7
Suppose 4*i + 9*r - 4*r = 384, -3*i - 4*r + 287 = 0. List the prime factors of i.
101
Let c(j) = -j**3 - 25*j**2 - 25*j + 28. Let v(x) = -2*x - 4. Let g be v(10). List the prime factors of c(g).
2, 13
Let x be 9/6 - 47/(-2)*9. Let b = x - 100. What are the prime factors of b?
113
Let k = 358 + 273. What are the prime factors of k?
631
Let v(c) = -14*c**3 + c**2 + c - 2. Let h be v(2). Let d = h - -264. List the prime factors of d.
2, 3, 13
Let x(v) = -68*v - 16. List the prime factors of x(-2).
2, 3, 5
Suppose 267 = r - 167. What are the prime factors of r?
2, 7, 31
Let y(q) = 10*q**2 + 12*q - 18. List the prime factors of y(-8).
2, 263
Let n(d) = -7*d - 6*d**2 - 5*d**2 + 14*d**2 - 24. List the prime factors of n(10).
2, 103
List the prime factors of ((-20558)/(-14) - 0) + 36/63.
13, 113
Suppose 8501 = 8*w - 3371. List the prime factors of w.
2, 7, 53
Suppose -2*u = -5*c - 6, -34 = -2*u - c - c. List the prime factors of (u + -1)*(-91)/(-21).
2, 13
Suppose -20*y + 6*y = -56. List the prime factors of 278 - -2*(-3 + y).
2, 5, 7
Let f(j) = 19*j**3 + j**2 - 2*j + 1. Let b be f(-2). Let l be -3*8/(-20)*(-15)/(-18). List the prime factors of l - 3 - b/11.
11
Let h(u) = -2*u**2 - 9*u + 50. Let y(l) = 3*l**2 + 18*l - 99. Let i(j) = -7*h(j) - 4*y(j). List the prime factors of i(7).
3
Suppose 24*c - 55965 = 3*c. What are the prime factors of c?
5, 13, 41
List the prime factors of (-28)/7 + 6 - -163.
3, 5, 11
Let w(d) = -d**2 - 8*d - 11. Let y be w(-5). Suppose y*b = -114 + 502. What are the prime factors of b?
97
Suppose 0 = 10*a - 20670 + 7700. What are the prime factors of a?
1297
Suppose -3*s + 4*n = -7, -4*s + 5*n = -0*s - 11. Let r be ((-40)/(-12))/(6/s). Suppose 3*w - 48 = -0*w - r*d, -41 = -4*w + d. What are the prime factors of w?
11
Suppose -n - 4 + 8 = 0. Suppose 0 = -n*w - w + 815. What are the prime factors of w?
163
Suppose 3*d - 3*f = 3222, d - 752 = 3*f + 332. What are the prime factors of d?
1069
Suppose 3*q + 4*v - 6365 = 0, 0 = q - 3*v + 5*v - 2119. What are the prime factors of q?
3, 709
Suppose -27*m = -31*m - 3*s + 2414, -2*m - 5*s = -1200. List the prime factors of m.
5, 11
Let a = 8 + -3. Suppose 0 = a*p + 10. Let x = 6 - p. What are the prime factors of x?
2
Let y be (-2 + -1)/((-3)/2). Let b = y - -3. Suppose 51 = 4*o + v, -4*v = -5*o - b*v + 64. What are the prime factors of o?
13
Let s be (1/(-2))/((-2)/(-4)). Suppose 0 = 5*k + 3*f - 14, 2*k + 3*k - 5*f = -10. What are the prime factors of ((-2)/k - s) + 18?
17
Suppose k = -6*k + 161. Suppose 19 + k = 2*h. What are the prime factors of h?
3, 7
Let y(g) = 14*g**2 - 10*g + 6. Let w(i) = -14*i**2 + 9*i - 5. Let q(b) = -7*w(b) - 6*y(b). What are the prime factors of q(5)?
2, 167
Let q = 29 + -24. Suppose 0*u = u - q. Suppose 0 = u*j + 2*n + 2*n - 240, -n + 203 = 4*j. List the prime factors of j.
2, 13
Let q(n) = -4*n**2 - n + 1. Let z be q(-2). Let h = 76 + z. List the prime factors of h.
3, 7
Suppose 5*k + 27 = 4*v, 6 = 5*v - 0*k + 3*k. Suppose 0 = -5*b - v*r + 402, -4*b + 328 = -3*r - r. What are the prime factors of b?
3
Suppose 2*f - 6*v = -3*v + 2646, f = 4*v + 1328. List the prime factors of f.
2, 3, 5, 11
Let f(y) = y + 5. Suppose -3*r = 10 - 19. Let k(z) = 5*z - 9. Let d be k(r). List the prime factors of f(d).
11
Let d be 65/(-20)*(-21 - 3). Suppose -76*o = -d*o + 80. List the prime factors of o.
2, 5
Let z(g) = g**3 - 16*g**2 - 76*g + 56. List the prime factors of z(22).
2, 7, 23
Suppose 0 = 5*i - 5*n - 2040, 2*i - 802 = -0*n - 5*n. What are the prime factors of i?
2, 7, 29
What are the prime factors of 6/(-3) + 4044/6?
2, 3, 7
Let w be -1 - -6 - 3 - 0. Suppose -w*p + 85 = 3*p. List the prime factors of p.
17
Suppose 3*c - 8 = -2. Suppose 0*g = -5*g + 4*k + 80, 0 = -4*g + 5*k + 55. Suppose -d - c = -g. What are the prime factors of d?
2, 3
Let d(v) = v**2 - 14*v - 4. Let x be d(14). Suppose -220 = -0*a - 5*a. Let n = a - x. What are the prime factors of n?
2, 3
Let i = -66 - -129. Let u = 5 + i. Suppose -m + u = m. What are the prime factors of m?
2, 17
Let a(z) = -z**3 + 6*z**2 + 15*z + 5. Let p be a(8). What are the prime factors of (11 + -9)/((-6)/477*p)?
53
Let m(h) = -h**2 - 12*h - 15. Let t be m(-10). Suppose -3*f + 2*f = 5*b - 16, 3*b = t*f - 52. What are the prime factors of f?
11
Let l = 141 - 132. Suppose 0 = -20*x + l*x + 176. What are the prime factors of x?
2
Let x(y) = -y**2 - 19*y - 9. Let n(i) = 2*i**2 - 18*i - 13. Let g be n(9). What are the prime factors of x(g)?
3, 23
Suppose d = 5*g - 19, -2*d + 10 = -5*g + 33. Suppose 5*n - g*c - 98 = 4*n, -n = c - 110. List the prime factors of n.
107
Let z be 11 - (2/2 + -4). Let r = z - -63. What are the prime factors of 4/14 - (-1672)/r?
2, 11
Let z = -9 + -57. Let p = 141 + z. List the prime factors of p.
3, 5
Let f(g) = -29*g**3 + 23*g + 7. List the prime factors of f(-3).
7, 103
Let o = -159 + 169. Let z(d) = 3*d**2 - 9*d - 8. List the prime factors of z(o).
2, 101
Let c(j) = 11*j + 7. Let g be c(6). Let z = -41 + g. Suppose 8 - z = -4*n. List the prime factors of n.
2, 3
Suppose -326 - 679 = -5*k - 5*a, -4*k - a = -795. Suppose 0 = -j - c + 52, 0*j = 4*j + 2*c - k. List the prime factors of j.
47
Let m(d) = 2*d - 8. Let v(c) = -1. Let n = 5 + -19. Let r(b) = n*v(b) + 2*m(b). List the prime factors of r(3).
2, 5
Suppose -3*u - 9 = 0, -c - 5*u = -2*c + 715. List the prime factors of c.
2, 5, 7
Let g be (1044/(-10))/6*-5. Suppose g + 348 = 5*r. Suppose o - 26 = -2*z + 20, -r = -2*o - 5*z. List the prime factors of o.
2, 7
Suppose 0 = -5*y - 4*y - 216. What are the prime factors of (-616)/(y/6) - 0?
2, 7, 11
Suppose u - 139 = 122. Suppose w - 143 = -4*x + 3*x, 2*x = 3*w + 